 of f(p)?
1
Suppose 3*v + 0 = o + 11, -v + 2*o - 3 = 0. What is the units digit of v?
5
Let h(m) = 8*m**2 - 3*m - 18. What is the units digit of h(5)?
7
Let n = 19 + -10. Suppose n = y - 0*y. Suppose -g + y = 1. What is the units digit of g?
8
Let o(q) = -q**2 + 15*q + 19. Suppose -s + 4*x = 0, -2*x + 12 = x. What is the units digit of o(s)?
3
Let s be (2 + -1 - 115)/(-1). Suppose -3*h + 5*q = -35, -2*q - 35 + s = 5*h. What is the tens digit of h?
1
Let p = 131 + -62. What is the units digit of p?
9
Suppose -2*m + l = -l - 124, -245 = -4*m + l. What is the tens digit of m?
6
Suppose -d = -4*d + 4*m + 13, -2*d + 3 = 3*m. Suppose k + 4*z = -3, -3*z - 2*z + 19 = d*k. What is the units digit of k?
3
Let i(t) = -13*t - 2. Let m be i(-2). Suppose o = -3*c + 27 + m, -2*o = 5*c - 84. What is the tens digit of c?
1
Let j(r) = r**3. Let n be j(0). Suppose -2*v - v + 21 = 4*b, -b = -3. Suppose -3*h - 4*x - 4 = n, -3*x + 8*x = -v*h - 8. What is the units digit of h?
4
Let y = -13 + 2. Let x = -21 - y. Let f = x + 15. What is the units digit of f?
5
Suppose 6*r = r + 10. What is the units digit of r?
2
Let s(m) = 13*m - 5. What is the tens digit of s(4)?
4
Suppose 0 = 3*a + 4*a - 168. What is the tens digit of a?
2
Let a(z) = -9*z - 51. Let n(w) = -4*w - 26. Let g(d) = 3*a(d) - 7*n(d). What is the tens digit of g(0)?
2
Let s = 169 - -67. What is the units digit of s?
6
Let p(f) = 1 + 4*f + 4*f**3 + 0*f - 5*f. What is the units digit of p(1)?
4
Let s(w) = w + 4. Let k be s(-8). Let a(g) = 2*g**2 + 5*g + 3. What is the units digit of a(k)?
5
Let g = 78 - 39. What is the units digit of g?
9
Let k = -18 - -16. What is the units digit of -1 + 0 + k - -9?
6
Let f be (-78)/(-10) + 2/10. Let d be 64/(-3) - 4/(-12). What is the tens digit of 3 - f/2 - d?
2
Let o(g) = -g + 6. What is the tens digit of o(-8)?
1
Let r(x) = x**3 - 9*x**2 - 7*x - 11. What is the units digit of r(10)?
9
Suppose -4*g - g + w = -205, 4*w = 5*g - 190. What is the units digit of g?
2
Let a = 1 - 2. Let b be (-3 + 2)/(a/2). Suppose g + 8 = b*g. What is the units digit of g?
8
Suppose 4*k - 3*k = 5. Suppose k*y = 2*y + 66. What is the units digit of y?
2
Let t(l) = l**3 + 7*l**2 + 6*l + 1. Let y be t(-6). Let v be 1*-6*(0 - y). Let d = v - 4. What is the units digit of d?
2
Let l be (-10 + 5)*(0 - 1). Suppose 0 = t + 4*a - 22, -2*t - 1 = -l*a + 7. What is the units digit of t?
6
Let j = 87 - 61. What is the tens digit of j?
2
Suppose 0*l - 2*l + 4*q + 8 = 0, -2*l + 2*q = -10. Let c be (30/9)/(4/l). Suppose 0 = -3*n - a + 30, 5*n - 51 = n - c*a. What is the units digit of n?
9
Let d = 13 + -8. Suppose -5*a = -3*l - 10*a + 16, d*a - 20 = -5*l. Suppose l*y = -2*y + 28. What is the units digit of y?
7
Let q(b) = b. Let y be q(3). Let i = y - -1. Suppose -2*t + i*o = -2 - 18, -3*o = -3*t + 33. What is the tens digit of t?
1
Let q(t) = 6*t - 7. What is the units digit of q(7)?
5
Suppose -3*f = 3*k + 36, -2*f - 8 - 24 = 4*k. What is the units digit of (f/(-12))/((-1)/(-3))?
2
Let l(f) = -5*f - 1. Suppose 0*n = n + 1. What is the units digit of l(n)?
4
Let u(z) = z**2 + 19*z - 35. What is the hundreds digit of u(10)?
2
Suppose 3*t + 3*p - 9 = 6, 0 = 5*p - 15. Let k be 1/(((-2)/15)/t). Let m = k - -21. What is the units digit of m?
6
Let b(g) = -2 + 4*g**2 - g**3 - 3*g**2 + 4 + g. Let k be b(2). What is the tens digit of (k + 1 + 0)*13?
1
Suppose -2*q + 8 = -2*v, 3*q - 6 = -2*v + 6. Suppose q*k + 3*z = 14, -2*k + 10 = 3*z - 0. What is the units digit of k?
2
Suppose 3*k - 4*k + 2 = 0. Suppose 4 = z + 5*b, -7*b = -k*z - 2*b + 8. What is the units digit of z?
4
Let b = -3 - -7. Suppose b*j = j. Suppose -z + j*z = -11. What is the units digit of z?
1
Suppose -5*f = -2*z + 44, f + 42 = 5*z - 114. Suppose 3*n = -2 + z. What is the units digit of n + (-1 - 0)*2?
8
Let y(t) = 3*t**3 - 5*t**2 + 2*t + 2. What is the tens digit of y(3)?
4
Let o be ((-110)/(-2))/(-4 - -5). Suppose -2*q - w + 28 = 0, -5*q + 2*w = -3*w - o. What is the tens digit of q?
1
What is the units digit of (66/(-15))/(3/(-30))?
4
Let j be (21/(-14))/(3/(-4)). Suppose -3 = -j*u - 1. What is the units digit of u?
1
Let f be ((-8 + 3)/1)/(-1). Suppose 0 = c + 3*w - 8, -2*c + w - 40 = -f*c. What is the units digit of c?
4
Suppose g - 5 = -0*g, -5*b = 3*g - 70. Suppose -b = 2*n - 3*n. What is the units digit of n?
1
Suppose 0 = 5*m + 3*s - 40, 0*s = 2*m - 5*s + 15. Let c(h) = -4 + 2 - 3*h + h**2 - 4 + 0*h. What is the units digit of c(m)?
4
Suppose -159 = -0*f - 3*f. What is the tens digit of f?
5
Suppose -3*y + 7 = -2. What is the units digit of y?
3
Suppose -3*g = -2*a - 2, -g + 4 = -5*a + 12. Suppose u = g*u. Let v = u + 1. What is the units digit of v?
1
Suppose -4*k - 158 + 42 = 0. Let f = k + 49. What is the units digit of f?
0
Let g = 1 - 48. Let d = -32 - g. What is the units digit of d?
5
Suppose t - z = -1, -z - 2*z - 1 = -4*t. Let l(n) = -n**3 + n**2 - 10*n + 5. Let k(v) = v**2 + v. Let j(s) = -4*k(s) - l(s). What is the units digit of j(t)?
3
What is the units digit of (-6)/((-148)/(-1040) + 1/(-5))?
4
Suppose -5*c - 15 = -95. Suppose 13*v - c*v + 153 = 0. What is the tens digit of v?
5
Suppose -55 = -3*v - 2*v. Let b = 9 + v. Suppose -3*o = -r - b, 0 = -r - 4*r + 5. What is the units digit of o?
7
Let s be (-13)/3 + 2/6. Let x = s - -9. What is the units digit of ((-5)/x)/(1/(-5))?
5
Let a(p) be the third derivative of p**4/24 + 7*p**3/6 + 3*p**2. What is the units digit of a(0)?
7
Let y(j) = -3*j - 1. Let q be y(-2). Suppose -q*d = 56 - 156. What is the units digit of d?
0
Let l be ((-1)/(-1) - 1)/(-1). Let h(w) = -w**2 - w + 3. Let b be h(l). Suppose -b*p = -4*p + 4. What is the units digit of p?
4
Suppose 0 = -3*u - 6, -m - 4*u = 6. Let k(s) = 10*s - 5. What is the units digit of k(m)?
5
Let v(t) = -t**3 - 8*t**2 - 5*t + 9. Let z be v(-7). What is the units digit of z/(-3)*(-18)/(-6)?
5
Suppose -2*m - 3 = 2*u + 15, 3*u + 5*m + 27 = 0. Let j(o) = o**3 + 9*o**2 - o + 18. What is the tens digit of j(u)?
2
Suppose 2*t + 26 = 4*t. Suppose -k - 4 = -3*k. Suppose p - k*z + 4 = t, -2*p + 2*z = -20. What is the tens digit of p?
1
Suppose 3*d - 12 = n, 2*n - 6*n + 3*d = 30. Let a = 8 + n. What is the units digit of a?
2
Suppose -4*r + 17 = -3. Suppose -r*s = -s - 64. What is the units digit of s?
6
Let t = 7 - 5. Suppose -5*l = 3*c - 38, 4*c + 6*l - t*l = 56. What is the units digit of c?
6
Let b(l) = 4*l**2 + l + 6 + 9*l - 17*l. What is the units digit of b(4)?
2
Let p(h) = h**2 + 3*h - 3. Let v be p(-3). Let l be (-2 - v)*3 + 1. Suppose 3*s - 28 = -l. What is the units digit of s?
8
Let z(d) = d**3 + 3*d**2 - 1. Let y be z(-2). Suppose -6 = r - y*r. What is the units digit of r?
3
Let a = -35 - -25. Let p = a + 20. What is the units digit of p?
0
Let x be (-56)/98 - 162/(-14). Suppose 0 = 5*k + 1 - 6. Suppose j - x = -k. What is the tens digit of j?
1
Suppose -2*s = -3*i - 4*s - 33, 0 = 4*i + s + 44. Let b(v) = v + 7. Let d(z) = -4*z - 27. Let g(a) = -9*b(a) - 2*d(a). What is the units digit of g(i)?
2
Let m = 10 - 7. Let h(k) = -2 + 8 - m*k - 9. What is the units digit of h(-5)?
2
What is the units digit of 4/6*6 + 8?
2
Let r(f) = f + 1. Let j be r(6). Suppose -2*p + j*p = 70. Suppose 4*y - 3*b = 7, -2*b + 0*b = -5*y + p. What is the units digit of y?
4
Suppose 3*z - 212 = -w, 4 = 2*z - 2. What is the units digit of w?
3
What is the units digit of (-2410)/(-75) - 6/45?
2
Let g(u) = -u**2 + 6*u - 2. Let i(y) = 2*y**2 + 2*y - 4. Let r be i(-3). Let s be g(r). What is the units digit of (-135)/s - 1/2?
7
Suppose 48 = -3*v + 12. Let n(s) = -s**3 - 13*s**2 - 14*s - 15. What is the units digit of n(v)?
9
What is the hundreds digit of (-3)/5 + -4*912/(-30)?
1
Let m(f) = f - f**2 + 2*f + 4*f. Let v be m(6). What is the units digit of (18/4)/(v/8)?
6
Suppose 4*j - 2 = 3*j. What is the units digit of 35 - (2 + 2)/j?
3
Suppose 0 = 4*d - 2*u - 14, 0 = 3*d + d - 4*u - 8. Suppose d*t + 5*x - 60 = -0*x, -t + 4*x - 8 = 0. What is the units digit of t?
8
Suppose -2*o = -r - 195, 3*o - 282 = -0*o - 2*r. What is the tens digit of o?
9
Suppose 5*n + 0*n + 35 = 0. Let f(q) be the first derivative of -q**4/4 - 7*q**3/3 + 10*q + 1. What is the units digit of f(n)?
0
Let m(l) = 5*l - 1. Let k be m(1). Let d = k + 4. What is the units digit of d?
8
Suppose